1924 = 0. Calculate the remainder when 628 is divided by n.
36
Suppose 5*x + 329 - 419 = 0. Calculate the remainder when 267 is divided by x.
15
Let o = -2340 + 2497. Let v = -34 - -87. Calculate the remainder when o is divided by v.
51
Calculate the remainder when 543 is divided by 152/6 - 250/(-375).
23
Suppose 0 = 5*w + 15, 0 = -5*o - 0*o - 3*w + 36. Let u be 20*18/(30/4 - 0). Let j = u + -24. Calculate the remainder when j is divided by o.
6
Let j = 205 + -134. Suppose -4*m + 3*p + j = 0, 3*m - 2*p - 53 = -0*p. Calculate the remainder when 67 is divided by m.
16
What is the remainder when (-6)/(-1)*(1430/20 - -12) is divided by 28?
25
Suppose -10*a + 1161 = 251. What is the remainder when 260 is divided by a?
78
Suppose 0 = 2*f - 2*z - 94, 5*z + 49 = f + 3*z. Let y = f - 10. Calculate the remainder when y is divided by 12.
11
Let z be -16 + (2 - 2/(-2)). Let g = z + 33. What is the remainder when 23 is divided by 145/g + (-3)/(-4)?
7
Let u(y) = 54 + 29 - 5*y - 52. What is the remainder when u(-14) is divided by 26?
23
Let p(k) = k**3 + k**2 - k + 5. What is the remainder when 58 is divided by p(0)?
3
Suppose 4*l - 2*d + 140 = 5*l, -3*l + 2*d = -428. What is the remainder when l is divided by 11?
10
Suppose 12*k - 147 = 21. What is the remainder when 51 is divided by k?
9
Suppose 0 = -h - 5*i + 32, -5*h + 208 - 48 = -i. Calculate the remainder when 55 is divided by h.
23
Suppose -3*n + 9 = -0. Suppose n*o - 2 = -116. Let i = -15 - o. What is the remainder when i is divided by 12?
11
Let r(v) = 6*v - 156. Calculate the remainder when 99 is divided by r(31).
9
Let m(g) = g**2 - 3*g - 4. Let b(v) = v**2 + 5*v + 1. Let c be (-12)/(-16)*4*-1. Let o be b(c). Calculate the remainder when m(o) is divided by 13.
10
Let k = -118 - -234. Calculate the remainder when k is divided by 30.
26
Let g be 3 + (5 + -4)*4. Suppose g*p = 2*p + 75. Calculate the remainder when p is divided by 9.
6
Suppose 0 = -k - 2*k - z + 128, 2*k + 2*z = 92. Let n = -36 + k. Let r = 0 + 8. What is the remainder when r is divided by n?
3
Suppose -78*i = 891 - 3075. Calculate the remainder when 135 is divided by i.
23
Suppose 0 = 34*n - 1087 - 375. Calculate the remainder when 384 is divided by n.
40
Suppose m - k - 3 = -0*k, 4*k = 2*m - 2. Suppose -47 = -m*h - 4*p, -57 = -5*h + p - 0*p. What is the remainder when 96 is divided by h?
8
Let k(b) = -b**3 - 2*b**2 + b. Suppose 90*c - 28*c - 2479 = -5*c. Calculate the remainder when k(-5) is divided by c.
33
Let o be 3*(-1)/(4/(-4)). Suppose o*y - 2*y = 26. Calculate the remainder when y is divided by 11.
4
Let h(x) be the third derivative of x**4/6 - 6*x**3 + 18*x**2. Calculate the remainder when h(17) is divided by 9.
5
Let l = -201 + 262. Calculate the remainder when l is divided by 13.
9
Let h(x) = -x + 3. Let a be h(-17). Suppose a*m - 3 = 19*m. Calculate the remainder when 11 is divided by m.
2
Suppose -37 - 19 = 4*n. Let r be 840/49 - 2/14. Let b = r + n. What is the remainder when 9 is divided by b?
0
Suppose 3*n - 8 = 7*n - 2*y, 3*y = -4*n - 18. Let z = 22 + -5. Calculate the remainder when z is divided by -3 - -8 - n - 4.
1
Suppose 263 = y - 4*l, -4*y + 1091 = -11*l + 8*l. What is the remainder when y is divided by 69?
68
Let l(q) = -q**2 - q + 41. Let c be l(6). What is the remainder when (-17 - -6)*(c + -11) is divided by 45?
42
Suppose 3*c - 1 = -5*s + 2, 3*s = 5*c - 5. Calculate the remainder when 4 is divided by 10 - 7 - (-1 + c).
1
Let c(d) = d**3 + 4*d**2 + d - 2. Let u be c(-2). Suppose -u = -4*q + 2*q. Suppose -5*i - q + 117 = 0. Calculate the remainder when i is divided by 8.
7
Let o(q) = 2*q**2 - 3*q - 2. Let r be o(2). Suppose -5*g = -s - 283, r = -4*g - g - 5*s + 295. Calculate the remainder when g is divided by 22.
13
What is the remainder when (-62 + 5)/(5 - 8) is divided by 15?
4
Let l = 6 + -6. Suppose -5*z = t - 19, 4*z = 4*t - l*z - 4. Let i(v) = -v**3 + 6*v**2 - 5*v - 1. Calculate the remainder when 40 is divided by i(t).
7
Suppose 14*r - 27 - 57 = 0. What is the remainder when 81 is divided by r?
3
Suppose 3*p + 54 = 3*z, -5*z = -z - 2*p - 70. Suppose -1 - z = -2*r. What is the remainder when 33 is divided by r?
6
Suppose -n - 5*w - 1 = -0*n, -5*n - 5 = 5*w. Let r be (-2)/n*6/4. What is the remainder when 17/(r + -2 + 0) is divided by 9?
8
Let g(m) = -m**2 - 10*m - 8. Let z be g(-14). Calculate the remainder when (-4)/z*4 + (-54)/(-8) is divided by 2.
1
Let g(r) be the second derivative of r**4/6 + 4*r**3/3 + 2*r**2 + 2*r. What is the remainder when g(-6) is divided by 6?
4
Suppose -l + 5*g + 13 = 3*g, -5*l - 5*g = -65. Let o = 24 - l. Suppose -4*b - 9 = -25. Calculate the remainder when o is divided by b.
3
Let p = -8 - -8. Suppose p = -4*h + 3*h + 11. What is the remainder when 41 is divided by h?
8
Let z(k) = k**2 - 6*k + 13. Let n be z(11). Let o = n + -45. What is the remainder when 89 is divided by o?
20
Let p = 9 - 6. Suppose -5*b + b + 276 = 0. Calculate the remainder when b is divided by -2*(-7)/(-2 + p).
13
Suppose -6*f - 4 = -7*f. Suppose -f*k + 47 + 41 = 0. Calculate the remainder when 85 is divided by k.
19
Let c(d) = -2*d**3 - 2*d**2 - 3*d - 6. Let u = -4989 + 5015. Calculate the remainder when c(-4) is divided by u.
24
Let v = 57 - 22. Let g(p) = -p**3 - 10*p**2 - 7*p - 1. Suppose 5*k = r - 47, r = -3*k - 3*r - 42. Calculate the remainder when g(k) is divided by v.
34
Let u = -97 + 68. Let r = 39 + u. Calculate the remainder when r is divided by 3.
1
Let w be 15*(3 + 1)/4. Suppose 4*a = a + w. Suppose 0 = -5*o - 3*d + 117 + 72, 3*o = a*d + 93. Calculate the remainder when o is divided by 10.
6
Suppose 5*z = 4*s - 3*s - 168, s - 204 = -4*z. Let v = s + -127. Calculate the remainder when v is divided by 21.
19
Let q be 17 + -1 - 4/(-1 + -3). Suppose -q*a + 21*a - 164 = 0. What is the remainder when 119 is divided by a?
37
Let i(s) = s**3 + 34*s**2 + 33*s + 17. What is the remainder when 36 is divided by i(-33)?
2
Suppose 4*h - 5*p = 610, p - 553 = -4*h + 45. What is the remainder when h is divided by 76?
74
What is the remainder when 3/(-4)*(-2208)/18 is divided by 20?
12
Let z = -1348 - -1360. Calculate the remainder when 42 is divided by z.
6
Let d(i) = -3*i - 13. Let l(s) = 2*s - 46. Let x be l(17). Calculate the remainder when 91 is divided by d(x).
22
What is the remainder when 246 is divided by 17/(68/(-16)) - -14?
6
Let v = -466 + 769. What is the remainder when v is divided by 34?
31
Let w(i) = -11*i + 6. Let s = -46 + 84. Let m = s + -23. Calculate the remainder when w(-2) is divided by m.
13
Suppose -2*g = 2*u - 42, 15 = -5*g - 0. Let h be 104/u - (-2)/3. Suppose -3*k + 6 = h*s - k, -k = s. What is the remainder when 10 is divided by s?
0
Suppose -5*q = -3*q + 56. Let g = 136 - q. Calculate the remainder when g is divided by 33.
32
Suppose 5*p - 15 = 25. What is the remainder when (-21)/7 - -82*(-1)/(-2) is divided by p?
6
Let i(t) = -2*t**3 + 25*t**2 + 109*t + 54. Let c = 10 + -1. Suppose 5*v - 29 = -c. Calculate the remainder when i(16) is divided by v.
2
Let a(y) = -y**2 + 6*y + 4. Let p be a(6). Suppose r - p + 3 = 0. Let x(t) = 2*t**2 + 2*t. What is the remainder when 15 is divided by x(r)?
3
Let b(h) = -3*h**2 - 24*h + 8. What is the remainder when 480 is divided by b(-6)?
40
Let o(t) = 5*t**2 - t - 2. Suppose 30 = 2*l + 3*l. Let k(r) = 5*r - 14. What is the remainder when o(-3) is divided by k(l)?
14
Suppose -z = z - 90. Let h = 31 + -29. Suppose -h = n + 5*w - 38, 5*n = w + 76. Calculate the remainder when z is divided by n.
13
Let o be -10*(-6 + 4)/4. Let v = 16 + o. What is the remainder when 83 is divided by v?
20
Suppose 4*x + 4*b - 88 = 0, 2*x - 13 = 5*b + 59. Let f = x - 65. Let d = f - -64. What is the remainder when d is divided by 7?
4
Suppose 0 = 12*p - 9*p - 117. Suppose -5*m + 8*m = p. Calculate the remainder when 23 is divided by m.
10
Let d = 335 - 282. Calculate the remainder when d is divided by 15.
8
Suppose 27*u - 13 = 26*u. Calculate the remainder when (-3)/12 + (-290)/(-8) is divided by u.
10
Let r = -42 + 34. What is the remainder when 177 is divided by r/1*(-18)/8?
15
Calculate the remainder when 478 is divided by ((-435)/116)/(2*9/(-96)).
18
Suppose 5 + 7 = p. Suppose 6*q - p = 132. What is the remainder when -5*q/(-100)*15 is divided by 5?
3
S